 is the ten thousands digit of 21433948?
3
What is the units digit of 61511198?
8
What is the ten millions digit of 189962500?
8
What is the ten thousands digit of 403141990?
4
What is the ten thousands digit of 14851918?
5
What is the hundred thousands digit of 54095791?
0
What is the units digit of 103250609?
9
What is the hundreds digit of 83765273?
2
What is the hundred thousands digit of 790560096?
5
What is the hundreds digit of 17087192?
1
What is the hundred thousands digit of 9112698?
1
What is the hundreds digit of 28789385?
3
What is the ten thousands digit of 769796607?
9
What is the hundred thousands digit of 26157845?
1
What is the hundred millions digit of 936271543?
9
What is the hundred millions digit of 274004175?
2
What is the hundred thousands digit of 846506780?
5
What is the hundred millions digit of 5113629077?
1
What is the hundreds digit of 52679009?
0
What is the hundred thousands digit of 494656279?
6
What is the hundred millions digit of 1405744024?
4
What is the tens digit of 42948493?
9
What is the ten millions digit of 768938875?
6
What is the tens digit of 943123074?
7
What is the ten millions digit of 27918281?
2
What is the ten millions digit of 800132497?
0
What is the ten thousands digit of 1411011724?
1
What is the millions digit of 2453072?
2
What is the hundreds digit of 107294580?
5
What is the ten millions digit of 141046097?
4
What is the millions digit of 47411416?
7
What is the thousands digit of 787238457?
8
What is the units digit of 64643373?
3
What is the thousands digit of 78821792?
1
What is the hundred thousands digit of 2286690466?
6
What is the thousands digit of 11523139?
3
What is the ten millions digit of 1670043121?
7
What is the units digit of 117498596?
6
What is the thousands digit of 34874328?
4
What is the ten millions digit of 2911100870?
1
What is the tens digit of 24507570?
7
What is the hundreds digit of 5452396636?
6
What is the tens digit of 1835077978?
7
What is the millions digit of 47970645?
7
What is the ten thousands digit of 276092268?
9
What is the tens digit of 29261738?
3
What is the hundreds digit of 1235287453?
4
What is the hundred thousands digit of 3845850315?
8
What is the thousands digit of 63178796?
8
What is the units digit of 27136172?
2
What is the ten thousands digit of 712508382?
0
What is the hundred thousands digit of 1549625869?
6
What is the hundred thousands digit of 1462556357?
5
What is the hundred millions digit of 2266285310?
2
What is the thousands digit of 649379672?
9
What is the ten thousands digit of 5825566?
2
What is the units digit of 460726318?
8
What is the millions digit of 10727211?
0
What is the millions digit of 103448017?
3
What is the hundred thousands digit of 1056060408?
0
What is the ten millions digit of 88029114?
8
What is the hundred thousands digit of 2048322949?
3
What is the ten millions digit of 126009658?
2
What is the hundreds digit of 732202256?
2
What is the tens digit of 797404804?
0
What is the hundreds digit of 15372406?
4
What is the units digit of 19397946?
6
What is the tens digit of 9924360?
6
What is the tens digit of 1136761709?
0
What is the units digit of 1090755259?
9
What is the ten millions digit of 38506400?
3
What is the ten thousands digit of 220174742?
7
What is the hundred thousands digit of 287524034?
5
What is the millions digit of 2030711977?
0
What is the thousands digit of 306669835?
9
What is the tens digit of 6134183?
8
What is the millions digit of 1041019854?
1
What is the ten millions digit of 623417390?
2
What is the ten millions digit of 284572298?
8
What is the thousands digit of 90405866?
5
What is the hundreds digit of 878443313?
3
What is the hundred millions digit of 1972928150?
9
What is the tens digit of 1281376721?
2
What is the units digit of 878526768?
8
What is the billions digit of 1643302613?
1
What is the hundreds digit of 27254621?
6
What is the units digit of 306629292?
2
What is the ten millions digit of 58234196?
5
What is the ten thousands digit of 27317397?
1
What is the billions digit of 1833874941?
1
What is the hundred thousands digit of 31968362?
9
What is the ten millions digit of 1191938045?
9
What is the ten millions digit of 550527854?
5
What is the millions digit of 34194811?
4
What is the ten thousands digit of 111762873?
6
What is the tens digit of 5765132896?
9
What is the ten millions digit of 48392347?
4
What is the millions digit of 734181891?
4
What is the hundred thousands digit of 7333605619?
6
What is the ten thousands digit of 56005594?
0
What is the tens digit of 19803550?
5
What is the tens digit of 62730426?
2
What is the ten millions digit of 98722944?
9
What is the billions digit of 1655285471?
1
What is the ten millions digit of 89110567?
8
What is the hundreds digit of 641147672?
6
What is the ten millions digit of 10003418?
1
What is the hundreds digit of 29117944?
9
What is the ten millions digit of 819230394?
1
What is the units digit of 41811747?
7
What is the ten thousands digit of 234605960?
0
What is the hundred millions digit of 674842539?
6
What is the hundred thousands digit of 1734244?
7
What is the hundred thousands digit of 1482398703?
3
What is the hundred millions digit of 1918502950?
9
What is the ten millions digit of 904520259?
0
What is the units digit of 3018920?
0
What is the ten millions digit of 406065601?
0
What is the billions digit of 1551430877?
1
What is the thousands digit of 3990306946?
6
What is the tens digit of 7019124564?
6
What is the hundred millions digit of 558943351?
5
What is the thousands digit of 117808341?
8
What is the ten thousands digit of 368676248?
7
What is the hundreds digit of 2450422303?
3
What is the ten thousands digit of 1354588570?
8
What is the ten thousands digit of 78581007?
8
What is the thousands digit of 121175611?
5
What is the hundred thousands digit of 2777240837?
2
What is the thousands digit of 4020452?
0
What is the tens digit of 1535574865?
6
What is the millions digit of 213531536?
3
What is the units digit of 577305756?
6
What is the ten millions digit of 1004704549?
0
What is the units digit of 1622129250?
0
What is the hundred millions digit of 242475723?
2
What is the ten millions digit of 348491583?
4
What is the thousands digit of 9307438?
7
What is the tens digit of 1817760800?
0
What is the hundred thousands digit of 115502985?
5
What is the hundred millions digit of 166262022?
1
What is the ten thousands digit of 287696794?
9
What is the tens digit of 5946165?
6
What is the hundred millions digit of 642090731?
6
What is the thousands digit of 56904439?
4
What is the units digit of 1363839971?
1
What is the tens digit of 125295456?
5
What is the millions digit of 855084580?
5
What is the ten thousands digit of 6370877885?
7
What is the hundred millions digit of 113902761?
1
What is the thousands digit of 1324970278?
0
What is the thousands digit of 334099533?
9
What is the millions digit of 106153657?
6
What is the hundreds digit of 59489758?
7
What is the ten millions digit of 266143476?
6
What is the ten millions digit of 34501506?
3
What is the thousands digit of 3522155159?
5
What is the ten thousands digit of 22303532?
0
What is the hundred millions digit of 5807160963?
8
What is the hundreds digit of 304523574?
5
What is the units digit of 1300676480?
0
What is the hundred millions digit of 428394828?
4
What is the hundred thousands digit of 193308675?
3
What is the hundred thousands digit of 140686237?
6
What is the hundreds digit of 753168924?
9
What is the hundreds digit of 137075638?
6
What is the thousands digit of 3036914981?
4
What is the hundreds digit of 5522606?
6
What is the ten thousands digit of 1235257863?
5
What is the thousands digit of 33550246?
0
What is the billions digit of 1526681257?
1
What is the thousands digit of 135854824?
4
What is the hundred thousands digit of 104155827?
1
What is the ten millions digit of 52536644?
5
What is the units digit of 1522577332?
2
What is the millions digit of 5111555687?
1
What is the units digit of 696084825?
5
What is the ten millions digit of 516671843?
1
What is the hundreds digit of 9130483268?
2
What is the millions digit of 5168403473?
8
What is the hundred thousands digit of 25880709?
8
W